) = 15*v**2 - 5*v - 3. Is b(22) a prime number?
False
Suppose -3*j = -6*j + 282. Suppose -5*s = -4*f - 143, -3*f + 67 = 4*s - 35. Let t = s + j. Is t prime?
False
Suppose g - 5*k = 10, 0 = -2*g - 2*k + 3*k - 7. Let c = g - -7. Suppose 2094 = 5*l - 3*i, -4*l + 160 + 1514 = -c*i. Is l prime?
False
Let p(l) = -13*l - 8. Let q(f) = -f. Let d(g) = p(g) + 5*q(g). Let b be d(-8). Suppose -2*z + 150 = -b. Is z a composite number?
True
Let w(t) = -t + 6. Let x be w(2). Suppose 0 = 3*g + x*u - 12833, 2*g + 3*u = 4*g - 8578. Is g prime?
True
Suppose -9*f = -19 + 1. Is -4*((-9)/f - 2) a prime number?
False
Suppose -76*w + 1212748 = -532288. Is w a prime number?
True
Suppose -8025 = 13*t - 40746. Is t a composite number?
True
Suppose 32*q + 12*q = 183436. Is q composite?
True
Let r be 62/10 + (-6)/30. Suppose 3*x - r = -0*x. Suppose -3*a - x*v + 13 = 0, 3*v + 2*v = 3*a + 1. Is a a prime number?
True
Suppose -9109 - 6196 = -5*r. Is r composite?
False
Let c = 110 + -98. Suppose -15*w + 4965 = -c*w. Is w composite?
True
Let t = -7 - -11. Let c = 822 + -840. Is t/c - (-110605)/99 a prime number?
True
Let x = 516 - 5127. Is 2*(0 - x/6) composite?
True
Let k(q) be the first derivative of 53*q**2 - q - 13. Is k(2) a prime number?
True
Let c be 64/(4 - 5) + -4. Is (-22525)/c - 2/8 prime?
True
Let b = 1 + -20. Is 161 - -1 - (b + 22) prime?
False
Let w = -945 + 1795. Suppose 5*x = -3*n - 2599, -5*x - 4*n - 2597 = -0*n. Let d = w + x. Is d a composite number?
True
Suppose 4*t - 2*v = 5 + 37, -2*t - 5*v = 9. Suppose 1503 = -17*o + t*o. Let k = -88 - o. Is k prime?
True
Let b(p) = 4*p**3 - 12*p**2 - 3*p - 4. Let x(t) = 5*t**3 - 13*t**2 - 3*t - 3. Let v(q) = -4*b(q) + 3*x(q). Let i be v(8). Let o = i + -18. Is o composite?
True
Let c(u) = -u**3 - 11*u**2 - 59*u - 56. Is c(-13) composite?
False
Let z(w) = -241*w + 438. Is z(-23) a composite number?
False
Suppose 0 = -n - 3*n + 2*f + 6, -33 = -2*n - 5*f. Suppose -2*i - 1605 = -3*z, -n*i = -0*i. Is z a composite number?
True
Suppose s = -3*h + 32058, -6*h + 53410 = -h - 5*s. Is h a composite number?
True
Suppose -3*m - 160 = 4*o, 5*o = -m - 160 - 40. Let q = o + 105. Is q a prime number?
False
Suppose -5*q = 4*j - 51467, -7*q + 8*q + 5*j = 10306. Is q a composite number?
True
Let y be 926 + 1 - -3*(-2)/3. Suppose -2*g = 3*g - y. Is g composite?
True
Let p = -166 - -494. Let v = -185 + p. Is v a composite number?
True
Let h = 680 - 193. Is h composite?
False
Let w(c) = 17*c**3 - 28*c**2 - 11*c + 8. Is w(14) a prime number?
False
Let j(t) = -t**3 - 5*t**2 - 9. Let i be j(-6). Let r = i - 28. Is (-21060)/(-80) - r/(-4) prime?
True
Suppose 13*w = 22236 + 63707. Is w a composite number?
True
Let y(g) = g**3 + 6*g**2 - 8*g + 8. Let d be y(-7). Suppose -d = -5*l + 2*l + x, 2*l - 10 = -4*x. Suppose -l*t + 125 = -270. Is t prime?
True
Let h(x) = x + 4 - 11 + 2. Let a be h(7). Is -1 - a*81/(-6) a prime number?
False
Let y = -1110 + 1885. Let k = y + 696. Is k prime?
True
Let l(b) = 876*b - 17. Is l(13) prime?
False
Suppose -5*t + 2*m = -10, -2*t = m - 0 - 4. Suppose -t*w - 289680 = -7*w. Is w/64 + (-1)/4 prime?
False
Let q = -1 - 327. Let w = 41 - q. Suppose 4*o + w = 7*o. Is o composite?
True
Suppose 4*g - q - 5509 + 1042 = 0, -5*g + q = -5584. Is g a prime number?
True
Let y be (-3)/(3*(-5)/25). Suppose -y*v + 218 = -3*v. Is v a prime number?
True
Let f = 22 + -12. Let t(r) = 5*r**3 + 41*r**2 - 52*r + 52. Let h(u) = u**3 + 10*u**2 - 13*u + 13. Let j(w) = -9*h(w) + 2*t(w). Is j(f) prime?
True
Let n be -485 + 2 - (0 - 3). Let c = n + 765. Suppose 0 = 2*u + u - c. Is u composite?
True
Suppose 8*f = 3*f - 11165. Let s = -973 - f. Let h = s + -629. Is h composite?
False
Let g(x) = 18*x**2 - 1 + 122*x**2 + 141*x**2 - 2*x - 80*x**2. Is g(2) a composite number?
True
Suppose -5*o = s - 27915, -5*s - 5583 = -31*o + 30*o. Is o prime?
False
Let w(m) be the third derivative of -m**5/60 - m**4/24 + 895*m**3/6 + 9*m**2. Is w(0) a composite number?
True
Is (1 - (0 + 145942))*9/(-27) a composite number?
False
Suppose -2*j + 0 = -4. Is j/(0 - (-8)/1340) a composite number?
True
Suppose -13*w + 6*w + 53151 = 0. Is w prime?
False
Let d = 42429 + -26470. Is d a prime number?
True
Let x(r) be the first derivative of r**4 - 4*r**3/3 + r**2/2 + 4*r - 4. Is x(3) composite?
False
Let j(w) = -44*w + 11. Let u = -2 + -7. Is j(u) composite?
True
Suppose -2*q = 2*q - 5*s - 1632, -q - 3*s + 408 = 0. Let c = q + 311. Is c prime?
True
Let a(z) = z**2 + z + 1. Let l(w) = 4*w - 12. Let j(i) = -2*a(i) - l(i). Let h be j(8). Let q = h - -329. Is q composite?
False
Let n be 76/(-6)*99/6*-1. Let y = -130 + n. Is y composite?
False
Suppose 0*y + 4 = 4*w + 4*y, 3*w + 5*y = -1. Suppose w*c - 273 = j - 4*j, -12 = -3*j. Is c a composite number?
True
Let m be (-8)/(-28) + (-876)/(-21). Let w = m + -27. Suppose 0 = k - w - 6. Is k a composite number?
True
Suppose 3*x - 83992 = -4*b, -2*b - 2*x - 18362 + 60358 = 0. Is b composite?
True
Is (-64825)/(-100) + (-6)/(-8) a composite number?
True
Let r(n) = 13*n**2 - 6*n - 1. Let w(x) = 4*x + 24. Let c be w(-8). Is r(c) composite?
True
Let g = 19 + -21. Is (-6)/((-1)/((-29)/g)) composite?
True
Let p(a) = -161*a - 69. Let x(f) = f + 1. Let q(d) = -p(d) - 92*x(d). Is q(8) a prime number?
False
Suppose -43*r = 38*r - 98577. Is r composite?
False
Suppose 6*l + 5*u = 2*l + 1481, -l + 374 = 2*u. Let i = l - 252. Suppose i + 43 = f. Is f a composite number?
True
Suppose -8*m = 4*n - 12*m - 51564, -2*n + 4*m = -25778. Is n a prime number?
True
Suppose -2*a - 12605 = -k, -2*k - 2*a = -5*k + 37815. Is k composite?
True
Is (-3563798)/(-26) - -8 - 4/26 a composite number?
False
Let z = 14 + -8. Let c(o) = o**3 + 6*o**2 + 5*o - 5. Is c(z) prime?
True
Let w = -5140 + 13203. Is w a prime number?
False
Suppose 5*k + 1022 - 2702 = 0. Let x = 1054 - k. Is x composite?
True
Let j be 4636/8 - 6/(-4). Let w = j - 259. Suppose -w = -3*r + r. Is r composite?
True
Let w = -1723 - -3458. Is w a composite number?
True
Let h(p) = 598*p - 157. Is h(30) prime?
True
Let t be (1 + -1)/(12/6). Is 50 + t + (-23)/23 prime?
False
Let l(g) = -g - 5. Let y be l(-6). Let d be (1 - y)*(-1)/(-3). Is (-2 - d/3)*-37 a composite number?
True
Suppose g + 6 - 35 = 0. Suppose g = -3*v + 4*v + 5*f, 3*f + 145 = 5*v. Let x = -19 + v. Is x prime?
False
Suppose w - 3*n - 1268 = 0, -5*w + 4*n + 1271 = -4*w. Is w a composite number?
False
Let l = -7 - 8. Let c be (-3)/(-2)*(-10)/l. Is c/2*(-188)/(-2) composite?
False
Suppose 0 = -0*r - 2*r + 56574. Suppose 12*z - 3*z - r = 0. Is z prime?
False
Let l = 125 + 49. Let s be (-1)/(-1 - 8/(-10)). Suppose 2*r + s*g + l - 553 = 0, -349 = -2*r + g. Is r composite?
True
Is (-27686148)/(-224) - ((-14)/(-16) + -1) prime?
False
Let x(v) = 6*v**3 + 7*v + v - 10*v + v**2 + 5. Is x(4) composite?
False
Suppose 3141 + 981 = -2*q - 5*r, -2*r - 8212 = 4*q. Let h = 2940 + q. Is h prime?
False
Let q be ((-45)/20)/((-3)/180). Let g = q - 38. Is g a prime number?
True
Let x be (-1)/(-2*4/(-8)). Is x*(-3 + (1 - 51)) a prime number?
True
Let o(t) = t**3 + 32*t**2 - 32*t + 100. Is o(-31) composite?
False
Let p(s) = 17*s**2 + 14*s + 5. Is p(-24) a composite number?
False
Let b be 1/(-2) - (-1365)/(-2). Let t = -460 - b. Is t composite?
False
Let g be (-1)/6 + (-222)/(-36) + 0. Suppose g*n + 2865 = 9*n. Is n a prime number?
False
Let t(r) = 518*r**2 + 65*r - 194. Is t(3) prime?
True
Let j be -13*1*(-4 + 5). Let w(n) = -n**3 - 13*n**2 - 2*n - 14. Let s be w(j). Is 4/(-6) + 5852/s prime?
True
Suppose 5*o - 254 = 361. Suppose -o = -2*d + 5*b, -5*d + 2*b + 330 = -3*b. Is d composite?
True
Let s(v) = -v**3 + 3*v**2 + v - 5. Let t be s(-4). Let i(y) = -24 - t*y + 24. Is i(-1) a prime number?
True
Suppose -4618 = -4*d + 490. Is d a prime number?
True
Let d be ((-93)/(-6))/((-1)/(-2)). Suppose o + d = g, 3*o + 61 = o + g. Is 9/2*o/(-9) composite?
True
Let s be (9 - -1)*(-2)/(-4). Suppose s*o = -3*j - 20, -5*j + 2*o - 3 + 11 = 0. Suppose 5*d - i + 5*i - 1039 = j, -4*i = d - 195. Is d a prime number?
True
Suppose c + c - 2 = 0. Let q be (-83 + -7)/(-1 - c). Suppose -t = -40 - q. Is t prime?
False
Is (-335)/(-65) + -5 - (-74)/26 a prime number?
True
Let x(o) = o - 5. Let u be x(-12). Let s = -15 - u. Suppose 3*v - 345 = -s*v. Is v composite?
True
Let d(m) = 28*m - 7. L